se -b*m = -s*m + 1290. What is the hundreds digit of m?
2
Suppose -84996 = -2*y - 2*r, -3*r = -2*y + 4971 + 80055. What is the ten thousands digit of y?
4
Let w be (-42)/(-56) + (-69)/(-12)*19. Suppose -w*g = -107*g - 3177. What is the tens digit of g?
5
Suppose i + 860*m - 29643 = 864*m, 2*i = -5*m + 59377. What is the units digit of i?
1
Let k be 4*((-210)/20 + (-1)/1). Let b = k - -50. What is the tens digit of b/14 + (-1130)/(-14)?
8
Let g(t) = 145*t - 4. Let b be g(3). Suppose 6*q - 5*q - 443 = i, 5*i - b = -q. Let s = q - 235. What is the hundreds digit of s?
2
Let w be 3 - ((-24)/(-10) + 8/(-20)). Let a be (w - -1)*1/2*12. What is the units digit of 2 - (389/(-4) - (-3)/a)?
9
Suppose -249264 = -m + 10*m. What is the units digit of m/(-27) + 0 - 16/(-72)?
6
Suppose 48867 = 5*x - 3*m, -x + 4*m = -2660 - 7110. What is the units digit of x?
4
Let t = -26648 + 48939. What is the tens digit of t?
9
Suppose -h = -3*r + 248, -4*h = -r - h + 80. Let c be -24 - 4/(2/1). Let m = r + c. What is the tens digit of m?
5
Let q(a) = -357*a - 3401. What is the tens digit of q(-52)?
6
Let j = 24 + -15. Suppose j*r - 7*r = 1472. Suppose -5*y = -y - r. What is the tens digit of y?
8
Let q(g) = g**3 + 16*g**2 - 9*g + 136. Let k be q(-17). Let p(a) = -a**3 - a**2 - a + 71. What is the units digit of p(k)?
1
Suppose 12*z - 20*z + 24*z - 613216 = 0. What is the tens digit of z?
2
Let j = 10939 + -2184. What is the units digit of j?
5
Suppose 3*f + 1398 = -3*p + 3597, 0 = 2*f + 5*p - 1460. Suppose -h + 720 = b, f = -2*h + 3*h - 4*b. What is the units digit of h?
3
Let s = 2088 + 1107. What is the units digit of s?
5
Let i(l) = -3*l - l**3 - l**2 + 2 + 9*l**2 + l**2. Let u be i(6). What is the hundreds digit of 2*2*3427/u?
1
Let l be (-5)/((-2)/4*-6 + -4). Suppose 6181 = l*j + 3*b, -4*j - 8*b = -6*b - 4946. What is the units digit of j?
8
Suppose -3*u + 70286 = 5*b - 142996, 5*b = 5*u - 355510. What is the units digit of u?
9
Suppose -5*a - 345 + 4495 = -l, -4150 = -5*a + 5*l. Suppose -m - 2*h + 1049 = 4*m, a = 4*m - 3*h. What is the hundreds digit of m?
2
Let h = 81 + -57. Suppose 7*r - 11 - h = 0. Suppose 5*n = 4*k + 17, k - 2 = -r*n - 0. What is the units digit of n?
1
Let h(s) = 272*s - 319. What is the hundreds digit of h(36)?
4
Let b be 14/8 - 11/(-44). Let f(i) = -5 + 5*i - 4 + 0 + 30*i**2. What is the units digit of f(b)?
1
Suppose -85*k = -84*k + 3. What is the units digit of 1034 - (4 + k + 5)?
8
Let p(g) be the third derivative of g**5 + 5*g**4/24 + 2*g**3/3 + 202*g**2. What is the hundreds digit of p(-3)?
5
Let a(w) be the third derivative of w**6/120 + 7*w**5/30 - 5*w**4/6 + 8*w**3/3 + 5*w**2 + 7. What is the units digit of a(-15)?
1
Suppose -83*j + 42*j = -615779. What is the units digit of j?
9
Suppose -228*g + 850332 = -207*g. What is the units digit of g?
2
Let b(q) = q**2 + 2*q - 5. Let x be b(2). Suppose -631 - 24 = -2*k + x*v, -5*k + 3*v = -1651. What is the units digit of k?
2
Let c(r) = 1993*r - 690. What is the hundreds digit of c(4)?
2
Let b(u) = -496*u - 18683. What is the tens digit of b(-171)?
3
Let r(s) be the second derivative of s**5/60 + s**4/8 - 19*s**3/6 - 18*s. Let w(u) be the second derivative of r(u). What is the units digit of w(6)?
5
Let o be (-1)/(-4) - 6/24. Suppose 3*v - 2*l = 3*l + 27, -v - 11 = 5*l. Suppose -v*t + 379 - 59 = o. What is the units digit of t?
0
Let x = 87 - 83. Suppose -3*w = -x*m + 3963, -w = -4*m + 3*w + 3964. Suppose 13*u = 8*u + m. What is the units digit of u?
8
Suppose -3*u = 94 - 79. Let q be (-116)/10*8*u. Suppose 0 = -3*z + 3*r + 474, -3*z + 2*r = -3*r - q. What is the hundreds digit of z?
1
Suppose 4*u = -y + 3494, -179*y = -181*y + 4. What is the tens digit of u?
7
Let a = 2337 - 1031. Suppose a = 4*x - 3102. What is the thousands digit of x?
1
Let g(c) be the first derivative of c**3/3 - 3*c**2 - 17*c + 45. Let w be g(-3). What is the units digit of 384/w + 69/115?
9
Suppose -2*w + 2*g + 14662 = 0, 0 = 4*w + 13*g - 11*g - 29348. What is the tens digit of w?
3
Suppose 2*g - 25 = -5*r - 10, 0 = -5*g + 5*r + 90. Suppose 0 = 2*v + g*v - 714. What is the units digit of v?
2
Let a(r) = 10*r + 366. Let g be a(-36). Suppose 4*z - g*i + 4*i = 4894, -i = -4*z + 4893. What is the thousands digit of z?
1
Suppose -75*l + 65*l = -302860. What is the ten thousands digit of l?
3
Let h = -78 - -33. Let d be 28/10 - 9/h. What is the units digit of (-9)/((-2)/16*d)?
4
Suppose -18*a + 5*w = -17*a - 47836, -95645 = -2*a + w. What is the tens digit of a?
2
Suppose -3 + 0 = -3*y. Let o be 0/((-4)/y - -1). Suppose 5*j - 64 - 291 = o. What is the tens digit of j?
7
What is the tens digit of (1710/6 - 13)/((-2)/(-43))?
4
Let g = 19 - 2. Suppose -7*y = -19*y - 23*y - 2940. Let w = g - y. What is the hundreds digit of w?
1
Suppose 3*n + 206 = 5*t - 95, -505 = 5*n - 5*t. Let v = n - -161. Suppose 3*g - 2*g = 2*m + 59, -g + 3*m = -v. What is the tens digit of g?
5
Suppose -122 = -w + 5*i, 64 = 3*w + 2*i - 268. Suppose 2*c - 164 = w. What is the hundreds digit of c?
1
Let l(j) = j**3 - j**2. Let y be l(-1). Let q(a) = 14*a**2 + 13*a**2 - 16*a**2 - a + 9*a**2. What is the tens digit of q(y)?
8
Let l(t) = t + 1. Suppose -3*q = 5*q - 48. Let h(s) = 27*s - 4. Let z(u) = q*l(u) + h(u). What is the units digit of z(5)?
7
Let z(d) be the first derivative of 28*d**3/3 + 9*d**2/2 - 22*d + 9. What is the tens digit of z(4)?
6
Let f(d) = -50*d - 27 + 20 - 128*d - 28. What is the tens digit of f(-4)?
7
Suppose -3*z + 269*w + 153855 = 270*w, -4*z + 205188 = -4*w. What is the tens digit of z?
8
Let v = 461 + -437. Suppose 6014 + 13786 = v*l. What is the hundreds digit of l?
8
Suppose h - 7*h + 140688 = 12*h. What is the hundreds digit of h?
8
Let i(w) = w**2 - 2*w - 7. Let d be i(3). Let j be (-2 + 4)*(-1 - 10/d). Suppose 2*m + 4 = 0, -6 = j*o + 5*m - 26. What is the units digit of o?
0
Let m(c) = 192*c**3 + c**2 - c. Let s be m(1). Let y be s/(-2 + 21/6). Let u = y + -50. What is the tens digit of u?
7
Let y(z) = -z**2 - 57*z - 256. Let j be y(-52). Suppose 2*d + 5*i = -3*d + 1420, j*i + 1160 = 4*d. What is the units digit of d?
7
What is the thousands digit of (((-20)/(-6) + -3)*-1)/(34/(-3132828))?
0
Let k be 1 + 0 + -3 + 3 - -2. Suppose 4*o + k*y + 0*y - 1388 = 0, 4*o - 1372 = y. Suppose 7*b = 5*b + o. What is the units digit of b?
2
Let s be ((-6)/5)/(-3*12/120). Suppose 2*l - 2360 = -s*k, -2951 = -5*k - l - l. What is the tens digit of k?
9
Let i be -3 + (2588/20 - 12/(-20)). Let o be ((-12)/(-16))/((-1)/(-44)). Let v = o + i. What is the units digit of v?
0
Let c(g) = 1465*g - 1486. What is the hundreds digit of c(5)?
8
Let n = -5399 - -12319. What is the units digit of n?
0
Let i = -142 + 149. Suppose -91 = -i*r + 21. Let v = r - -255. What is the units digit of v?
1
Let l = 3183 + 2138. What is the units digit of l?
1
Let p = 25358 + -8353. What is the hundreds digit of p?
0
Let g = -10693 - -21271. What is the thousands digit of g?
0
Suppose -183 = -h - 4*o + 309, 1460 = 3*h + 4*o. Suppose -4*d + 4*i = i - 387, -5*d = -4*i - h. Suppose -6*u + d = -3*u. What is the tens digit of u?
3
Suppose 5*u - 4*f - 23408 = 0, 0 = -4*u - 5*f + 11730 + 6980. What is the thousands digit of u?
4
What is the units digit of (9/6)/((-3)/12 + (-1734)/(-6927))?
8
Let v(p) = -p**3 + 28*p**2 - 49*p - 44. Let g be v(26). Suppose -31*h = -g*h + 999. What is the tens digit of h?
3
Suppose 2*z - 7*z + 110 = 0. Let t = z - 26. Let s(m) = 5*m**2 - 5*m - 4. What is the tens digit of s(t)?
9
Suppose -242*w + 221*w + 523426 - 109390 = 0. What is the hundreds digit of w?
7
What is the units digit of (-14)/2 + -117*((-5476)/12 + 1)?
7
Let d(u) = 2199*u - 895. What is the tens digit of d(8)?
9
Suppose 4 = 9*v - 8*v. Suppose a + 4*a - 3*w - 1702 = 0, -v*a - 2*w = -1366. Let z = a + -208. What is the units digit of z?
3
Let i(h) = 6*h**3 - 6*h**2 + 4*h. Let m be (2/(-6))/(3/306*-2). Let w = -14 + m. What is the tens digit of i(w)?
2
Let z(d) = -6*d - 771. Let v(k) = -k - 192. Let w(l) = -9*v(l) + 2*z(l). Suppose 0*h - 15 = 5*m - 3*h, 0 = -2*m + 4*h - 20. What is the tens digit of w(m)?
8
Suppose -108741 - 108399 = -14*f. What is the units digit of f?
0
Suppose -6*k - 7 + 7 = 0. What is the units digit of (-25)/(-5) + -9 + k + 102?
8
Suppose 4*q - 4*r - 127680 =